{"id":3451,"date":"2023-12-14T16:09:24","date_gmt":"2023-12-14T16:09:24","guid":{"rendered":"https:\/\/indevlinderkes.nl\/reservieren\/prijzen-2026\/"},"modified":"2025-07-16T14:38:16","modified_gmt":"2025-07-16T14:38:16","slug":"preise-2026","status":"publish","type":"page","link":"https:\/\/indevlinderkes.nl\/de\/reservieren\/preise-2026\/","title":{"rendered":"Preise 2026"},"content":{"rendered":"\n<p id=\"tw-target-text\">Nachfolgend finden Sie Die Mietpreis und Unterkunft.<br>Zus\u00e4tzliche Kosten sind weiter unten auf dieser Seite aufgef\u00fchrt.<br>Diese Preise beinhalten eine Mehrwertsteuererh\u00f6hung von 9 % auf 21 %.<br>Wir k\u00f6nnen Ihnen versichern, dass auch wir mit dieser Erh\u00f6hung absolut nicht zufrieden sind!<\/p>\n\n\n\n<figure class=\"wp-block-table\"><table><tbody><tr><td><strong>Mietsumme Wochenende kurz*<\/strong><\/td><td><strong>Atalanta<\/strong><\/td><td><strong>Koninginnepage<\/strong><\/td><\/tr><tr><td>2. jan. bis 22. M\u00e4rz<\/td><td>\u20ac 1.300<\/td><td>\u20ac&nbsp;1.450<\/td><\/tr><tr><td>22. M\u00e4rz bis 1. Nov.<\/td><td>\u20ac 1.500<\/td><td>\u20ac 1.650<\/td><\/tr><tr><td>1. Nov. bis 23. Dez.<\/td><td>\u20ac 1.300<\/td><td>\u20ac&nbsp;1.450<\/td><\/tr><tr><td>23 Dez. bis&nbsp; 4. Jan. 2027<\/td><td>sehe Sonderarrangementen<\/td><\/tr><\/tbody><\/table><\/figure>\n\n\n\n<figure class=\"wp-block-table\"><table><tbody><tr><td><strong>Mietsumme Wochenende lang*<\/strong><\/td><td><strong>Atalanta<\/strong><\/td><td><strong>Koninginnepage<\/strong><\/td><\/tr><tr><td>2. jan. bis 22. M\u00e4rz<\/td><td>\u20ac&nbsp;1.350<\/td><td>\u20ac&nbsp;1.550<\/td><\/tr><tr><td>22. M\u00e4rz bis 1. Nov.<\/td><td>\u20ac 1.650<\/td><td>\u20ac 1.800<\/td><\/tr><tr><td>1. Nov. bis 23. Dez.<\/td><td>\u20ac&nbsp;1.350<\/td><td>\u20ac&nbsp;1.550<\/td><\/tr><tr><td>23 Dez. bis&nbsp; 4. Jan. 2027<\/td><td>sehe Sonderarrangementen<\/td><\/tr><\/tbody><\/table><\/figure>\n\n\n\n<figure class=\"wp-block-table\"><table><tbody><tr><td><strong>Mietsumme Montag-Freitag*<\/strong><\/td><td><strong>Atalanta<\/strong><\/td><td><strong>Koninginnepage<\/strong><\/td><\/tr><tr><td>2. jan. bis 22. M\u00e4rz<\/td><td>\u20ac 1.200<\/td><td>\u20ac 1.350<\/td><\/tr><tr><td>22. M\u00e4rz bis 1. Nov.<\/td><td>\u20ac 1.550<\/td><td>\u20ac 1.700<\/td><\/tr><tr><td>1. Nov. bis 23. Dez.<\/td><td>\u20ac 1.200<\/td><td>\u20ac 1.350<\/td><\/tr><tr><td>23 Dez. bis&nbsp; 4. Jan. 2027<\/td><td>sehe Sonderarrangementen<\/td><\/tr><\/tbody><\/table><\/figure>\n\n\n\n<figure class=\"wp-block-table\"><table><tbody><tr><td><strong>Mietsumme Woche*<\/strong><\/td><td><strong>Atalanta<\/strong><\/td><td><strong>Koninginnepage<\/strong><\/td><\/tr><tr><td>2. jan. bis 22. M\u00e4rz<\/td><td>\u20ac 2.150<\/td><td>\u20ac 2.350<\/td><\/tr><tr><td>22. M\u00e4rz bis 1. Nov.<\/td><td>\u20ac 2.900<\/td><td>\u20ac 3.200<\/td><\/tr><tr><td>1. Nov. bis 23. Dez.<\/td><td>\u20ac 2.150<\/td><td>\u20ac 2.350<\/td><\/tr><tr><td>23 Dez. bis&nbsp; 4. Jan. 2027<\/td><td>sehe Sonderarrangementen<\/td><\/tr><\/tbody><\/table><\/figure>\n\n\n\n<p>&nbsp;* In Zeiten von Feiertagen gilten untenstehende Preise.<\/p>\n\n\n\n<figure class=\"wp-block-table\"><table><tbody><tr><td><strong>Arrangementen<\/strong><\/td><td><strong>von \/ bis<\/strong><\/td><td><strong>Atalanta<\/strong><\/td><td><strong>Koninginnepage<\/strong><\/td><\/tr><tr><td>Ostern<\/td><td>3. April \u2013 6 April<\/td><td>\u20ac 2.050<\/td><td>\u20ac 2.200<\/td><\/tr><tr><td>Ostern Woche<\/td><td>3. April \u2013 10. April<\/td><td>\u20ac 2.950<\/td><td>\u20ac 3.150<\/td><\/tr><tr><td>Himmelfahrt<\/td><td>13. Mai \u2013 18. Mai<\/td><td>\u20ac 2.500<\/td><td>\u20ac 2.700<\/td><\/tr><tr><td>Himmelfahrt Woche<\/td><td>11. Mai \u2013 18. Mai<\/td><td>\u20ac 2.850<\/td><td>\u20ac 3.050<\/td><\/tr><tr><td>Pfingsten<\/td><td>22. Mai &#8211; 25. Mai<\/td><td>\u20ac 2.100<\/td><td>\u20ac 2.300<\/td><\/tr><tr><td>Pfingsten Woche<\/td><td>18. Mai &#8211; 25. Mai<\/td><td>\u20ac 3.100<\/td><td>\u20ac 3.300<\/td><\/tr><tr><td>PfingstenWoche<\/td><td>22. Mai &#8211; 29. Mai<\/td><td>\u20ac 3.100<\/td><td>\u20ac 3.300<\/td><\/tr><tr><td>Weihnachten k\u00fcrz<\/td><td>24. \u2013 28. Dezember<\/td><td>\u20ac 2.500<\/td><td>\u20ac 2.650<\/td><\/tr><tr><td>Weihnachten lang<\/td><td>24. \u2013 30. Dezember<\/td><td>\u20ac 3.275<\/td><td>\u20ac 3.475<\/td><\/tr><tr><td>Sylvester k\u00fcrz<\/td><td>30. Dez. \u2013 4. Jan. 2027<\/td><td>\u20ac 3.275<\/td><td>\u20ac 3.475<\/td><\/tr><tr><td>Sylvester lang<\/td><td>28. Dez. &#8211; 4. Jan. 2027<\/td><td>\u20ac 3.500<\/td><td>\u20ac 3.750<\/td><\/tr><\/tbody><\/table><\/figure>\n\n\n\n<p>Eventuell andere Kombinationen auf anfrage.<\/p>\n\n\n\n<p><strong>Senioren Rabatt<\/strong>: f\u00fcr jede Person von 55 Jahr oder \u00e4lter bekommen Sie \u20ac 2,00 Rabatt pro Nacht. Das gillt auch beim sonder Arrangement!!! Dieser Rabatt ist nicht g\u00fcltig beim Verbleib f\u00fcr die Ganze Woche oder langer und nur wenn Sie direkt bei uns gebucht haben.<\/p>\n\n\n\n<p>Preise sind aufgestellt f\u00fcr einen Verbleib mit Maximal 16\/18 Personen.<br>Kinder bis zum 2. Jahr (Max. 2 und wenn schlafend in einem Campingbett auf dem Schlafzimmer der Eltern) werden dabei nicht mitgerechnet.<br>Ein Campingbett ist eventuell zur stelle.<\/p>\n\n\n\n<p>Bettt\u00fccher (Spannbetttuch, deckbettbezug und kopfkissenbezug) sind verpflichtet.<br>Sie k\u00f6nnen die selbst mitbringen oder bei uns mieten f\u00fcr \u20ac 9,50 pro Person (pro Wechsel).<\/p>\n\n\n\n<p>Haustiere (Max. 2) auf Anfrage. Haustiere d\u00fcrfen nie alleine im Unterkunft hinterlassen werden.<br>Die Kosten betr\u00e4gen \u20ac 9,50 pro Tier pro Nacht.<\/p>\n\n\n\n<p><strong>Preisen sind exklusiv:<br><\/strong>Hinterlegungssumme pro Unterkunft \u20ac 250,=<br>Reinigungskosten pro Unterkunft \u20ac 115,=<br>Kurtaxe; \u20ac 2,= p.P.p.N. (\u00e4nderungen vorbehalten).<br>Energiekosten \u20ac 35,= pro Unterkunft&nbsp; pro Nacht.<br>Preise sind f\u00fcr Selbstversorgung.<\/p>\n\n\n\n<p><strong>Preisen sind inklusiv:<\/strong><br>Abfall Beseitigung, M\u00fchls\u00e4cke, Toilettenpapier und Kaffeefilter.<br>Buchungs- und Reservierungskosten, und unsere Gastfreundschaft.<\/p>\n\n\n\n<p><strong>Ankunft und Abreisezeiten sind:<br><\/strong>Wochenende Kurz; Freitagmittag 16:00 Uhr bis Sonntag 20:00 Uhr.<br>Wochenende Lang; Freitagmitttag 16:00 Uur bis Montagmorgen 10:00 Uhr.<br>Kurzurlaub; Montagmittag 16:00 Uhr bis Freitagmorgen 10:00 Uhr.<br>Woche; Montag oder Freitagmittag 16:00 Uhr bis Montag oder Freitagmorgen 10:00 Uhr.<\/p>\n\n\n\n<p>&nbsp;Auf alle Preise sind \u00c4nderungen Vorbehalten. Fehler binden Uns nicht.<\/p>\n\n\n\n<p>Wir empfehlen den Abschluss einer Gruppenr\u00fccktrittsversicherung (Stornoversicherung). Sie sind selbst daf\u00fcr verantwortlich.<br>Klicken Sie auf den folgenden Link, um ihn direkt ab zu schlie\u00dfen:&nbsp;<a href=\"https:\/\/www.recreatieverzekeringen.nl\/Annuleringsverzekering-kortlopend-ondernemer\/101415\"><\/a><a href=\"https:\/\/www.recreatieverzekeringen.nl\/Annuleringsverzekering-kortlopend-ondernemer\/101415\" target=\"_blank\" rel=\"noreferrer noopener\">https:\/\/www.recreatieverzekeringen.nl<\/a>&nbsp;<br>Bitte beachten Sie! Sie m\u00fcssen diese<strong>&nbsp;innerhalb von 7 Tagen<\/strong>&nbsp;nach Ihrer Buchung abschlie\u00dfen.<\/p>\n","protected":false},"excerpt":{"rendered":"<p>Nachfolgend finden Sie Die Mietpreis und Unterkunft.Zus\u00e4tzliche Kosten sind weiter unten auf dieser Seite aufgef\u00fchrt.Diese Preise beinhalten eine Mehrwertsteuererh\u00f6hung von 9 % auf 21 %.Wir k\u00f6nnen Ihnen versichern, dass auch wir mit dieser Erh\u00f6hung absolut nicht zufrieden sind! Mietsumme Wochenende kurz* Atalanta Koninginnepage 2. jan. bis 22. M\u00e4rz \u20ac 1.300 \u20ac&nbsp;1.450 22. M\u00e4rz bis 1. [&hellip;]<\/p>\n","protected":false},"author":2,"featured_media":0,"parent":2069,"menu_order":0,"comment_status":"closed","ping_status":"closed","template":"reserveren-template.php","meta":{"_acf_changed":false,"footnotes":""},"class_list":["post-3451","page","type-page","status-publish","hentry"],"acf":[],"_links":{"self":[{"href":"https:\/\/indevlinderkes.nl\/de\/wp-json\/wp\/v2\/pages\/3451","targetHints":{"allow":["GET"]}}],"collection":[{"href":"https:\/\/indevlinderkes.nl\/de\/wp-json\/wp\/v2\/pages"}],"about":[{"href":"https:\/\/indevlinderkes.nl\/de\/wp-json\/wp\/v2\/types\/page"}],"author":[{"embeddable":true,"href":"https:\/\/indevlinderkes.nl\/de\/wp-json\/wp\/v2\/users\/2"}],"replies":[{"embeddable":true,"href":"https:\/\/indevlinderkes.nl\/de\/wp-json\/wp\/v2\/comments?post=3451"}],"version-history":[{"count":13,"href":"https:\/\/indevlinderkes.nl\/de\/wp-json\/wp\/v2\/pages\/3451\/revisions"}],"predecessor-version":[{"id":3665,"href":"https:\/\/indevlinderkes.nl\/de\/wp-json\/wp\/v2\/pages\/3451\/revisions\/3665"}],"up":[{"embeddable":true,"href":"https:\/\/indevlinderkes.nl\/de\/wp-json\/wp\/v2\/pages\/2069"}],"wp:attachment":[{"href":"https:\/\/indevlinderkes.nl\/de\/wp-json\/wp\/v2\/media?parent=3451"}],"curies":[{"name":"wp","href":"https:\/\/api.w.org\/{rel}","templated":true}]}}

<p id="tw-target-text">Nachfolgend finden Sie Die Mietpreis und Unterkunft.<br>Zusätzliche Kosten sind weiter unten auf dieser Seite aufgeführt.<br>Diese Preise beinhalten eine Mehrwertsteuererhöhung von 9 % auf 21 %.<br>Wir können Ihnen versichern, dass auch wir mit dieser Erhöhung absolut nicht zufrieden sind!</p>



<figure class="wp-block-table"><table><tbody><tr><td><strong>Mietsumme Wochenende kurz*</strong></td><td><strong>Atalanta</strong></td><td><strong>Koninginnepage</strong></td></tr><tr><td>2. jan. bis 22. März</td><td>€ 1.300</td><td>€&nbsp;1.450</td></tr><tr><td>22. März bis 1. Nov.</td><td>€ 1.500</td><td>€ 1.650</td></tr><tr><td>1. Nov. bis 23. Dez.</td><td>€ 1.300</td><td>€&nbsp;1.450</td></tr><tr><td>23 Dez. bis&nbsp; 4. Jan. 2027</td><td>sehe Sonderarrangementen</td></tr></tbody></table></figure>



<figure class="wp-block-table"><table><tbody><tr><td><strong>Mietsumme Wochenende lang*</strong></td><td><strong>Atalanta</strong></td><td><strong>Koninginnepage</strong></td></tr><tr><td>2. jan. bis 22. März</td><td>€&nbsp;1.350</td><td>€&nbsp;1.550</td></tr><tr><td>22. März bis 1. Nov.</td><td>€ 1.650</td><td>€ 1.800</td></tr><tr><td>1. Nov. bis 23. Dez.</td><td>€&nbsp;1.350</td><td>€&nbsp;1.550</td></tr><tr><td>23 Dez. bis&nbsp; 4. Jan. 2027</td><td>sehe Sonderarrangementen</td></tr></tbody></table></figure>



<figure class="wp-block-table"><table><tbody><tr><td><strong>Mietsumme Montag-Freitag*</strong></td><td><strong>Atalanta</strong></td><td><strong>Koninginnepage</strong></td></tr><tr><td>2. jan. bis 22. März</td><td>€ 1.200</td><td>€ 1.350</td></tr><tr><td>22. März bis 1. Nov.</td><td>€ 1.550</td><td>€ 1.700</td></tr><tr><td>1. Nov. bis 23. Dez.</td><td>€ 1.200</td><td>€ 1.350</td></tr><tr><td>23 Dez. bis&nbsp; 4. Jan. 2027</td><td>sehe Sonderarrangementen</td></tr></tbody></table></figure>



<figure class="wp-block-table"><table><tbody><tr><td><strong>Mietsumme Woche*</strong></td><td><strong>Atalanta</strong></td><td><strong>Koninginnepage</strong></td></tr><tr><td>2. jan. bis 22. März</td><td>€ 2.150</td><td>€ 2.350</td></tr><tr><td>22. März bis 1. Nov.</td><td>€ 2.900</td><td>€ 3.200</td></tr><tr><td>1. Nov. bis 23. Dez.</td><td>€ 2.150</td><td>€ 2.350</td></tr><tr><td>23 Dez. bis&nbsp; 4. Jan. 2027</td><td>sehe Sonderarrangementen</td></tr></tbody></table></figure>



<p>&nbsp;* In Zeiten von Feiertagen gilten untenstehende Preise.</p>



<figure class="wp-block-table"><table><tbody><tr><td><strong>Arrangementen</strong></td><td><strong>von / bis</strong></td><td><strong>Atalanta</strong></td><td><strong>Koninginnepage</strong></td></tr><tr><td>Ostern</td><td>3. April – 6 April</td><td>€ 2.050</td><td>€ 2.200</td></tr><tr><td>Ostern Woche</td><td>3. April – 10. April</td><td>€ 2.950</td><td>€ 3.150</td></tr><tr><td>Himmelfahrt</td><td>13. Mai – 18. Mai</td><td>€ 2.500</td><td>€ 2.700</td></tr><tr><td>Himmelfahrt Woche</td><td>11. Mai – 18. Mai</td><td>€ 2.850</td><td>€ 3.050</td></tr><tr><td>Pfingsten</td><td>22. Mai &#8211; 25. Mai</td><td>€ 2.100</td><td>€ 2.300</td></tr><tr><td>Pfingsten Woche</td><td>18. Mai &#8211; 25. Mai</td><td>€ 3.100</td><td>€ 3.300</td></tr><tr><td>PfingstenWoche</td><td>22. Mai &#8211; 29. Mai</td><td>€ 3.100</td><td>€ 3.300</td></tr><tr><td>Weihnachten kürz</td><td>24. – 28. Dezember</td><td>€ 2.500</td><td>€ 2.650</td></tr><tr><td>Weihnachten lang</td><td>24. – 30. Dezember</td><td>€ 3.275</td><td>€ 3.475</td></tr><tr><td>Sylvester kürz</td><td>30. Dez. – 4. Jan. 2027</td><td>€ 3.275</td><td>€ 3.475</td></tr><tr><td>Sylvester lang</td><td>28. Dez. &#8211; 4. Jan. 2027</td><td>€ 3.500</td><td>€ 3.750</td></tr></tbody></table></figure>



<p>Eventuell andere Kombinationen auf anfrage.</p>



<p><strong>Senioren Rabatt</strong>: für jede Person von 55 Jahr oder älter bekommen Sie € 2,00 Rabatt pro Nacht. Das gillt auch beim sonder Arrangement!!! Dieser Rabatt ist nicht gültig beim Verbleib für die Ganze Woche oder langer und nur wenn Sie direkt bei uns gebucht haben.</p>



<p>Preise sind aufgestellt für einen Verbleib mit Maximal 16/18 Personen.<br>Kinder bis zum 2. Jahr (Max. 2 und wenn schlafend in einem Campingbett auf dem Schlafzimmer der Eltern) werden dabei nicht mitgerechnet.<br>Ein Campingbett ist eventuell zur stelle.</p>



<p>Betttücher (Spannbetttuch, deckbettbezug und kopfkissenbezug) sind verpflichtet.<br>Sie können die selbst mitbringen oder bei uns mieten für € 9,50 pro Person (pro Wechsel).</p>



<p>Haustiere (Max. 2) auf Anfrage. Haustiere dürfen nie alleine im Unterkunft hinterlassen werden.<br>Die Kosten beträgen € 9,50 pro Tier pro Nacht.</p>



<p><strong>Preisen sind exklusiv:<br></strong>Hinterlegungssumme pro Unterkunft € 250,=<br>Reinigungskosten pro Unterkunft € 115,=<br>Kurtaxe; € 2,= p.P.p.N. (änderungen vorbehalten).<br>Energiekosten € 35,= pro Unterkunft&nbsp; pro Nacht.<br>Preise sind für Selbstversorgung.</p>



<p><strong>Preisen sind inklusiv:</strong><br>Abfall Beseitigung, Mühlsäcke, Toilettenpapier und Kaffeefilter.<br>Buchungs- und Reservierungskosten, und unsere Gastfreundschaft.</p>



<p><strong>Ankunft und Abreisezeiten sind:<br></strong>Wochenende Kurz; Freitagmittag 16:00 Uhr bis Sonntag 20:00 Uhr.<br>Wochenende Lang; Freitagmitttag 16:00 Uur bis Montagmorgen 10:00 Uhr.<br>Kurzurlaub; Montagmittag 16:00 Uhr bis Freitagmorgen 10:00 Uhr.<br>Woche; Montag oder Freitagmittag 16:00 Uhr bis Montag oder Freitagmorgen 10:00 Uhr.</p>



<p>&nbsp;Auf alle Preise sind Änderungen Vorbehalten. Fehler binden Uns nicht.</p>



<p>Wir empfehlen den Abschluss einer Gruppenrücktrittsversicherung (Stornoversicherung). Sie sind selbst dafür verantwortlich.<br>Klicken Sie auf den folgenden Link, um ihn direkt ab zu schließen:&nbsp;<a href="https://www.recreatieverzekeringen.nl/Annuleringsverzekering-kortlopend-ondernemer/101415"></a><a href="https://www.recreatieverzekeringen.nl/Annuleringsverzekering-kortlopend-ondernemer/101415" target="_blank" rel="noreferrer noopener">https://www.recreatieverzekeringen.nl</a>&nbsp;<br>Bitte beachten Sie! Sie müssen diese<strong>&nbsp;innerhalb von 7 Tagen</strong>&nbsp;nach Ihrer Buchung abschließen.</p>

<p>Nachfolgend finden Sie Die Mietpreis und Unterkunft.Zusätzliche Kosten sind weiter unten auf dieser Seite aufgeführt.Diese Preise beinhalten eine Mehrwertsteuererhöhung von 9 % auf 21 %.Wir können Ihnen versichern, dass auch wir mit dieser Erhöhung absolut nicht zufrieden sind! Mietsumme Wochenende kurz* Atalanta Koninginnepage 2. jan. bis 22. März € 1.300 €&nbsp;1.450 22. März bis 1. [&hellip;]</p>
